1484 + h. What is the units digit of m?
9
Let p(k) = 0*k**2 - 61 + 81 + k**2 - 13*k. Let l be p(12). Suppose -l*t = -t - 154. What is the units digit of t?
2
Let f(i) = i**2 + 5*i - 25. Let c(m) = m**2 + 18*m - 36. Let u be c(-24). Suppose 14*o + u = 5*o. What is the tens digit of f(o)?
5
Let p = 635 - 575. Suppose 5*a + 5*w - p = 0, 4*w = 2*a - 4*a + 30. What is the units digit of a?
9
Suppose -2*l + 0*l = -5*c + 293, 4*l + c = -641. Let b = l - -171. What is the units digit of b?
2
Suppose 0 = -2*p - 6*p + 104. Suppose -p = 6*t - 1. Let x(z) = 32*z**2 - 4*z - 4. What is the hundreds digit of x(t)?
1
Suppose 424*p - 415*p - 117999 = 0. What is the hundreds digit of (-1)/(-2) + (p/14 - -11)?
9
Let r(y) be the second derivative of -y**6/60 - 17*y**5/120 + y**4/4 - 6*y. Let b(v) be the third derivative of r(v). What is the tens digit of b(-8)?
7
Let y(q) = -q**3 + 14*q**2 - q + 15. Let v be y(14). Suppose v = 3*i - 3*d + 2*d, -3*i + 7 = 2*d. What is the units digit of (i - -2)*120/6?
0
Let y be (8*(-3)/(-6) - 2)/(-1). Let f(g) = -103*g - 5. Let j be f(y). Let d = -107 + j. What is the units digit of d?
4
Let q(b) = b**2 - 17*b - 63. Let y be q(19). What is the hundreds digit of ((-1860)/y + -6)/((-2)/(-10))?
3
Let z be 3792/14 - 6/(-42). Let h = z + -169. What is the units digit of h?
2
Suppose -4*u - 176*h + 173*h + 11098 = 0, u - 2767 = 3*h. What is the hundreds digit of u?
7
Let r = 121352 + -40731. What is the hundreds digit of r?
6
Let v(b) = -7*b - 44. Let j be v(-6). What is the tens digit of ((-2)/j)/(1/120) - 3?
1
Let z = 18646 + -12160. What is the hundreds digit of z?
4
Suppose 0 = -575*m + 586*m - 77561. What is the units digit of m?
1
Let j(r) = 205*r**2 - 480*r - 5824. What is the thousands digit of j(-12)?
9
Let p = 2774 - -886. What is the units digit of p?
0
Let h = -440 - -1532. What is the units digit of h/35 - 16/(-20)?
2
Let o be (-1)/(-11) - 65/(-11). What is the units digit of 5/((-120)/(-1232))*45/o?
5
What is the units digit of (-3)/(-7)*(18338 + 9)?
3
Let x(v) be the first derivative of -v**3/3 - 53*v**2/2 - 76*v - 94. What is the units digit of x(-35)?
4
What is the thousands digit of 4/(56/191926) - 1*3?
3
Suppose -3*y - m = -101800, 4*m + 27939 = 5*y - 141756. What is the thousands digit of y?
3
Suppose -2*w + 33*q + 20 = 37*q, -3*q = 2*w - 15. Suppose -22*c - 2*v = -21*c - 265, -c + 5*v + 265 = w. What is the units digit of c?
5
Suppose d - 24 = -5*n, 3*n + d - 4 = 3*d. Suppose -z = -n*z + 4*r + 1418, -4*z + 2*r = -1904. What is the units digit of z?
8
Suppose -6*b + 373 + 2249 = 0. Suppose -b - 2747 = -8*p. What is the units digit of p?
8
What is the hundreds digit of 427846/69 + (-24)/9?
1
Let v(y) = 7*y - 17*y + 6 + 62*y. What is the hundreds digit of v(3)?
1
Let i = -119 - -123. Suppose i*o + 9*o = 5135. What is the tens digit of o?
9
Suppose 25*z = -z + 78. Suppose 0 = -q + z*r + 654, -1303 = 8*q - 10*q + 5*r. What is the tens digit of q?
3
Suppose 6*u + 85 = 23*u. Suppose b + 1 = -4*d + 483, 15 = -u*d. What is the units digit of b?
4
Let m = -6752 - -7286. What is the units digit of m?
4
What is the thousands digit of (-96 - (16/20 - (-2)/10))*-47?
4
Suppose d + 0*d - 3*a = 3, -2*d - 2*a = -6. What is the tens digit of 77 + (d - (0 + 0) - 4)?
7
Let t(b) = 2*b**3 - b**2 + 10. Let v be t(8). Let d = -267 + v. What is the tens digit of d?
0
Let z = 114 - 65. What is the units digit of (z/(-42) - -1) + 50/12?
4
Let m(i) = 38*i**2 - 3*i - 4. Let l be m(-2). Let y = l + -151. What is the units digit of y?
3
Let v(b) = b - 15. Let o be v(12). What is the units digit of (-1610)/(-3) - (-2)/o?
6
Let m = 63572 - 20640. What is the hundreds digit of m?
9
Let b = -282 + 282. Suppose 2*f - 11*y = -16*y + 2822, -3*f - y + 4259 = b. What is the tens digit of f?
2
Let i = -18227 - -45370. What is the hundreds digit of i?
1
Suppose -2*u + 2*i = u - 146, 242 = 5*u - 4*i. Suppose 0 = -27*l + u + 4. What is the units digit of l?
2
What is the units digit of (168080/(-15))/(-11)*84/16?
8
What is the hundreds digit of (-586806)/(-12) + ((-15)/45)/(4/(-6))?
9
Let r be ((-3)/6 - (-45)/(-10))*191. Let p = 1465 + r. What is the tens digit of p?
1
Let i = -22188 - -32144. What is the thousands digit of i?
9
Let p(z) be the second derivative of 49*z**3/6 - 31*z**2/2 - 2*z + 62. What is the tens digit of p(5)?
1
Let x(s) = -s**3 - s**2 - 3*s + 1. Let v(i) = -3*i**3 + 7*i**2 - 2*i + 42. Let c(a) = -v(a) + x(a). What is the hundreds digit of c(8)?
4
Let x be (-48)/16 + 16/2. Suppose x*i = 11 + 19. What is the hundreds digit of -128*(-3)/i*2?
1
Suppose 0 = -3*x - 9, -2*o = 117*x - 122*x - 109. Let l = 34 - 47. Let p = l + o. What is the tens digit of p?
3
Suppose -2*x = -4, -2*a + 2*x + 1 = -a. Let u(f) = f**2 + 10*f - 5*f**2 + 15 + a*f**2. What is the units digit of u(10)?
5
Suppose 0 = -4116*h + 4103*h + 147407. What is the hundreds digit of h?
3
Suppose -3*h = 5*c - 17115 - 21091, 4*c = -3*h + 30566. What is the thousands digit of c?
7
Let c(s) = -s**3 - 7*s**2 - 9*s - 8. Let n be c(-6). Let o = 280 + -222. Suppose d - o = -4*r + 32, -5*d - n = 0. What is the units digit of r?
3
Let v be 4 + (-48 - 0)/(-4). Suppose 4*t + v = 8*t, h = 5*t. What is the units digit of 272/h*(3 + -2 + 4)?
8
Suppose 4*s - 20 - 68 = 0. Let j = 24 - s. Suppose j*k + 78 - 100 = 0. What is the tens digit of k?
1
Let r(o) be the third derivative of -10*o**4/3 + o**3 + 36*o**2. Let u be r(-3). Let m = u - 27. What is the tens digit of m?
1
Let l = -36816 + 66456. What is the tens digit of l?
4
Let f be (-1 - -2)/(-3*(-4)/24). Let r be (f - -3)/(4/12). Let d(p) = -p + 21. What is the units digit of d(r)?
6
Let x(g) = g + 1. Let d be x(4). Let v(z) = 2*z**2 + 21*z - 5. Let m be v(-11). Suppose d*a = -m*a + 836. What is the units digit of a?
6
Let g(r) = -r**3 + 24*r**2 - 70*r - 8. Let m = 217 + -201. What is the units digit of g(m)?
0
Let s(w) = -192*w - 786. What is the tens digit of s(-27)?
9
Let q be (-18)/(-10) + (-21)/(-105). Suppose q*w - 515 - 1339 = 0. What is the hundreds digit of w?
9
Let c(q) = -126*q - 749. What is the tens digit of c(-25)?
0
Suppose 5*q + j - 2*j = -6, j = -5*q - 4. Let h be (-3 - (-19)/(-3))/(q/3). Suppose 0 = -l + h - 2. What is the tens digit of l?
2
Suppose 50*m - 126 + 1576 = 0. What is the hundreds digit of (-33)/(-2)*(m + 63)?
5
Suppose 0 = -t - 84 - 91. What is the hundreds digit of (-4)/(-14) + (-34950)/t?
2
What is the thousands digit of (-177)/1*(2574/(-54) + 23)?
4
Suppose -335*y = -733665 - 1324575. What is the thousands digit of y?
6
Let d(f) = -2 + 6 - 80*f - 13 + 22. What is the hundreds digit of d(-4)?
3
Let v = -47163 + 84420. What is the tens digit of v?
5
Suppose 59*m = 57*m - 4*z + 8786, 3*z - 3 = 0. What is the tens digit of m?
9
Let d(z) = -11*z + 33. Suppose 0 = 7*k - 4 + 32. Let w be (k - 0)/(-2 - 21/(-9)). What is the units digit of d(w)?
5
Suppose 5*m = -5*t + 100, -11 - 1 = -3*m. Let r be 2 - (-1 - -2) - -2. Suppose t = -r*j + 376. What is the hundreds digit of j?
1
Let k = 639 + -357. Let p = 1168 - k. What is the tens digit of p?
8
Let o(k) = 8*k**2 - 8*k + 33. Suppose 0 = -10*w + 13*w - 12. What is the hundreds digit of o(w)?
1
Let t be 204/(-9) + ((-20)/15 - -2). Let w be t/(-121) + (-596)/11. Let g = 168 + w. What is the hundreds digit of g?
1
Let w(r) = 4*r**2 + 13*r + 22. Let j(z) = 3*z**2 + 12*z + 21. Let p(s) = 5*j(s) - 4*w(s). Let a be p(9). Suppose -a - 32 = -m. What is the units digit of m?
0
Suppose -5*u + 11630 = -3*b - 51056, 3*b + 21 = 0. What is the units digit of u?
3
Let i(x) = 47*x**3 - 7820 + 39*x**3 + 7821 + 2*x**2 - 3*x. What is the units digit of i(1)?
6
Suppose -2727 = -18*p + 12159. Let h = 591 + p. What is the hundreds digit of h?
4
Let j = -161 + 173. Suppose j*y - 6460 = -8*y. What is the units digit of y?
3
Let n(f) = 2*f**2 + 41*f + 168. Let z be n(-16). What is the thousands digit of 39810/z + 5 + 6/(-8)?
1
Let k be 302/(-10) + 2/10. Let v = 34 + k. Suppose 6*l - 10*l + 2*c = -212, -2*c + 228 = v*l. What is the units digit of l?
5
Let a(f) = f**3 + 101*f**2 - 212*f - 642. What is the tens digit of a(-95)?
4
Suppose -14*w - 7686 = -0*w. Let v = 869 - w. What is the tens digit of v?
1
Let h(x) = -7*x + 6. Let b(a) = 12*a - 13. Let p(w) = -2*b(w) - 5*h(w). Let v be p(0). Let m(